2*i**2 + 4*i + 3. What is the units digit of b(-3)?
6
Suppose 5*i = -s - 2, -10 + 4 = -i + 3*s. Suppose i = 4*a - 67 - 9. What is the tens digit of a?
1
Suppose -5*c = -4*l + 5*l - 130, 3*l - 5*c = 470. What is the units digit of l?
0
Suppose -i + 5*a + 60 = 0, -i + 30 = -2*a - 15. What is the units digit of i?
5
What is the hundreds digit of (-1 + 3)*(96 + -3)?
1
Suppose 2 = -2*y + 20. What is the units digit of y?
9
Let g = 6 - 2. Suppose -s + 15 + 7 = 2*u, 16 = -g*s. What is the units digit of u?
3
Let p(f) = 6 + f**3 + 6*f + 8*f**2 - 2*f**2 + 0*f**2. Suppose -4*s + 5*s = -5. What is the units digit of p(s)?
1
Suppose 5*s + 0*s = 45. Suppose -15 = 4*p + s. Let o(k) = k**3 + 7*k**2 + 4*k - 4. What is the units digit of o(p)?
8
Suppose 5 = -4*a - q - 2, 5*q = -15. Let d be (-3 - 0 - 25)/a. Suppose 3*r + 4*k - d = 0, -5*r + 4*k = -k - 70. What is the units digit of r?
2
Suppose 40 = -8*t + 1440. What is the hundreds digit of t?
1
Let h(o) = 2*o. Let l be h(1). Suppose l*k = -k + 9. Suppose -k = -u + 2. What is the units digit of u?
5
Let u be 31 + 9/3 + -5. What is the units digit of u/(3 - 2) - -3?
2
Let x = 9 + 3. Let u = -6 + x. What is the units digit of (-15)/10*(-32)/u?
8
Suppose g = 2*z - 36, 13 = 4*g + 5. What is the units digit of z?
9
Suppose 4*b = -5*d - 93 + 28, -59 = 4*b - d. What is the units digit of 6/b*(1 - 51)?
0
Suppose 2*n - 13 = 7. Suppose -15 = 3*y, 2*v + 4*y = -0*y - n. Suppose 91 - 11 = v*l. What is the units digit of l?
6
Let w = 17 - 10. Suppose -8*y + s + w = -4*y, 0 = -5*y + 4*s + 17. Let d = y + 7. What is the units digit of d?
8
Suppose -10 + 5 = 5*g. Let b be ((-2 + -8)/(-1))/1. What is the units digit of -2 - ((-2)/g - b)?
6
Let h(l) = 7*l**2 + 1. Let y be h(1). Suppose -20 = -t + 4*j, -8 - y = -t + 3*j. What is the units digit of t?
4
Suppose -3*f = -4*f - 3. Let m be ((-1)/3)/(f/9). What is the units digit of 1*(-3)/m - -9?
6
Let h(z) = -z**2 + 17*z + 3. What is the units digit of h(8)?
5
Suppose -4 = -0*m + 4*m, 0 = 4*v - m - 453. What is the tens digit of v?
1
Let o = 1 - -4. Let z(q) = 2*q**2. Let x be z(1). Let a = x + o. What is the units digit of a?
7
Suppose -k + 10 + 7 = 0. What is the units digit of k?
7
Let y be 49 - 3/6*4. Suppose c = -b + 6, -c - c = -5*b - y. What is the tens digit of c?
1
Let c be (-52)/3 - (-19)/57. Let h = c - -65. What is the units digit of h?
8
Let s = 171 - 6. What is the tens digit of s?
6
Suppose -4*h = 2*j - 12, -3*h = 3*j + 2*j - 16. Suppose -2*l - 29 = -5*l - j*q, -2*l + 20 = q. What is the units digit of l?
1
Let g(q) = -q**3 + 11*q**2 - 9*q + 12. Let m be g(10). What is the units digit of (-4)/(-22) - (-326)/m?
5
Suppose 56 = 3*p + 5*t + 10, 0 = 4*p + 5*t - 63. What is the tens digit of p?
1
Suppose 5*p - 30 - 155 = 0. What is the units digit of p?
7
Let d be (6 - 2)*2/(-2). Let w = d + 1. What is the units digit of (6/(-9))/2*w?
1
Let l be (-2)/((-8)/(-100)) + -1. Let z = -13 - l. What is the tens digit of z?
1
Let j be (2 - (-36)/(-15))*-30. Suppose -3*n + j = -36. Let o = -8 + n. What is the units digit of o?
8
Suppose n - 2*r = 2*r - 6, -4*n + 12 = 2*r. Suppose -l = -5, -n*l - l + 27 = 4*p. Suppose 3*h = -3*k, -p*k = -0*k - 2*h - 15. What is the units digit of k?
3
Let t = 2 + 1. Suppose 0 = -0*k + t*k - 15. What is the units digit of k?
5
Let h be ((-7)/(-1))/(7/7). What is the units digit of (-10 + 9)/((-1)/h)?
7
What is the tens digit of 5 + -4 + 2 + (1 - -84)?
8
Suppose 0 = 2*i - 5 + 1. Suppose -i*p = -5*y + 25, 4*p - 16 = -4*y + 32. What is the units digit of y?
7
Let o = 154 + -82. What is the units digit of o?
2
Let q(y) = y**3 - 2*y + 3. Let r be q(2). Let f(o) = 2*o**3 + o - 3*o**3 + 2*o**2 + 1 + 5*o**2. What is the units digit of f(r)?
8
Let i(k) be the second derivative of k**4/12 + k**3 - 5*k**2/2 + 3*k. Let a be i(-7). What is the units digit of (-52)/a*(-6)/12?
3
Suppose 2*x = 5 + 9. Suppose -x*a + 2*a - 3*d + 2 = 0, 2*d = 4*a - 6. What is the units digit of a?
1
Suppose 0 = 3*w + 4*k + 4, 2*k - 6*k = w + 12. Suppose -w*i + 45 = i. What is the units digit of i?
9
Suppose 5*j - 3*g - 10 = -4, 3*g + 6 = 4*j. Suppose 2*n + j*d = -d + 38, 4*d = 4*n - 52. What is the tens digit of n?
1
Let j = 5 - 0. Suppose 0 = -2*f + j*w + 33, 3*f - w = -0*w + 17. What is the units digit of f?
4
Let f = 312 + -187. What is the units digit of f?
5
Suppose -5*i + 2*f - f = -484, -4*i - f = -380. What is the units digit of i?
6
Let a = 13 - 1. Let s = a - 2. What is the units digit of s + (2 + -1)/(-1)?
9
Let x = 7 + -4. Let y be 2/(-2 + 1) + x. What is the units digit of 3 + (-22)/(-2)*y?
4
Let x be (-111)/(-6) - (-9)/6. Suppose 2*s + 4 = -3*w, -4*w - 5*s = x - 3. Suppose -w*f - 16 = -4*f. What is the units digit of f?
8
Suppose 0 = -3*c - 2*h - 17, 0 = 2*c + 2*h - 5*h + 33. Let r be (2 + c/3)*-2. Suppose -k = 3*i - 3, -3*k - 2*i + 9 = r*i. What is the units digit of k?
3
Let o = 30 - 28. What is the units digit of o - (-3)/((-12)/(-196))?
1
Suppose -58 = -2*q + 70. What is the tens digit of q?
6
Suppose 0 = 3*r - 6*r + 24. Suppose 0 = 3*i - g - 17, 2*i - 2*g - 20 = 3*g. Let f = r - i. What is the units digit of f?
3
Let x(v) = -v + 15. Let f be x(9). Suppose 5*p - 119 - f = 0. What is the tens digit of p?
2
Let c = -7 + 10. Let w = c + -1. Suppose 6 = 4*h - h + w*b, 2*h = 5*b + 23. What is the units digit of h?
4
Let d(a) = -9*a - 3. What is the units digit of d(-3)?
4
Suppose 0 = i + 2*n - 3*n - 4, 2*i - 6 = 3*n. Suppose 7*o - 4*o = 0. Suppose 0*h + h - 4*b + 14 = o, 0 = 5*h - b - i. What is the units digit of h?
2
Let v be 1/5 + (-133)/(-35). Suppose v*x = -16, x = 3*z + 1 - 2. Let f(h) = -9*h**3 + h. What is the units digit of f(z)?
8
Let d(c) be the first derivative of -2*c**2 - 5*c - 3. Let u be d(-8). Let w = -16 + u. What is the tens digit of w?
1
Suppose -4*h + 82 = -2*h + 4*s, -2*s = -4. What is the units digit of h?
7
Let g(q) = -48*q**2 + 5*q + 5. Let v(r) = -16*r**2 + 2*r + 2. Let y(l) = -3*g(l) + 8*v(l). Let s be y(-1). Suppose 6*u = 2*u + s. What is the units digit of u?
4
Suppose -10 + 6 = -h. Suppose 4*s = 3*z + 76, h*s - 6 - 46 = -3*z. What is the tens digit of s?
1
Let d(k) = -10*k - 1. Let w be d(-3). Let y(v) = 2*v - 5. Let q be y(-8). Let n = w + q. What is the units digit of n?
8
Suppose 2*w = 5*k - 160, -5*k - 5*w + 57 + 138 = 0. What is the units digit of k?
4
Suppose 9 - 3 = k. Let l = -10 + 16. Let o = l + k. What is the units digit of o?
2
Let f(l) = l**2 - 4*l + 3. Let k be f(3). Suppose 0 = 5*y - 2*z - 27, 0 = 3*y - k*z - 4*z - 5. Let o = 9 - y. What is the units digit of o?
2
Suppose -p - r - 3*r = 14, 5*r = -2*p - 19. Let n be 4/8 + (-1)/p. Suppose n - 15 = -b. What is the tens digit of b?
1
Suppose -2*p - 13 = -5. Let v be (p + -4)*(0 - 1). Let t = v + -3. What is the units digit of t?
5
What is the tens digit of 1 - 33/(-3 + 0)?
1
Suppose 4*s + 16 = 0, -5*v - 5*s + 222 = -138. What is the units digit of v?
6
What is the tens digit of (-210)/(-13) - 2/13?
1
Suppose 4*z = 7 + 1. Suppose 62 = 3*i - 2*v, -z*v + 3*v = 2*i - 42. Suppose 3 = j - 3*r, 2*r = -2*j - 0*r + i. What is the units digit of j?
9
Suppose 12 = -4*d + 2*f, -4*d + 4*f - 8 = 3*f. Let m be (((-6)/5)/2)/((-1)/(-5)). Let b = d - m. What is the units digit of b?
2
Let b be 32/7 - (-6)/14. Suppose -b*y = -8*y - 3. What is the units digit of 6/(y/((-2)/4))?
3
Let y(f) = -f**3 + 4*f**2 + 6*f - 3. Let r be y(5). Suppose 22 = r*z - 0*z. What is the units digit of z?
1
Let t(c) = -c**3 + 5*c**2 - 3*c - 2. Let k be (8/(-10))/((-4)/20). Let v be t(k). Suppose 0*q + 18 = 3*q + 4*r, 6 = q + v*r. What is the units digit of q?
6
Let n be (-15)/(-21) + (-2)/(-7). Let b be (-4 + 3)/(2 - n). Let p(x) = -x**3 - x**2 - 2*x - 1. What is the units digit of p(b)?
1
Let l(b) = -b + 5. Let p be l(-5). Let i = 24 - p. What is the units digit of i?
4
Suppose -b = 3*b - 72. Suppose 0 = -0*l + l - b. What is the tens digit of l?
1
Suppose 3*m = 2*m. Suppose 0 = -2*k - 0*k + 36. Suppose 2*v + v - k = m. What is the units digit of v?
6
Let o be 2590/21 - (-4)/6. Suppose 4*l - o = -0*l. What is the tens digit of l?
3
Let v(h) = h**3 + 17*h**2 - h - 13. Let c be v(-17). What is the units digit of ((-4)/(c/13))/(-1)?
3
Let j(p) = 3*p**2 - 6*p + p + 3*p**3 - 2*p**3 - 6. Let y be j(-4). What is the units di